s the highest common factor of 21670 and 110?
110
Calculate the greatest common divisor of 1320 and 180.
60
What is the highest common divisor of 10752 and 32?
32
What is the greatest common divisor of 1704 and 1176?
24
What is the highest common divisor of 513 and 27?
27
Calculate the greatest common factor of 936 and 52.
52
Calculate the highest common divisor of 53 and 35033.
53
Calculate the highest common factor of 6 and 282.
6
Calculate the greatest common factor of 284 and 15194.
142
What is the greatest common divisor of 84 and 903?
21
What is the highest common factor of 12 and 204?
12
What is the greatest common divisor of 6 and 1866?
6
What is the highest common divisor of 80 and 230?
10
Calculate the greatest common factor of 682 and 868.
62
What is the greatest common factor of 155 and 527?
31
What is the greatest common divisor of 3629 and 38?
19
Calculate the highest common divisor of 4 and 420.
4
What is the highest common divisor of 236 and 29795?
59
Calculate the greatest common divisor of 207 and 24.
3
Calculate the highest common factor of 26 and 494.
26
Calculate the greatest common divisor of 147 and 63.
21
What is the highest common factor of 3 and 267?
3
What is the highest common divisor of 3 and 69?
3
Calculate the highest common factor of 11231 and 11.
11
Calculate the greatest common factor of 7 and 17.
1
Calculate the greatest common divisor of 6939 and 81.
27
Calculate the greatest common divisor of 36 and 132.
12
Calculate the highest common divisor of 279 and 9.
9
What is the highest common factor of 50 and 3375?
25
Calculate the greatest common divisor of 138 and 2001.
69
Calculate the highest common factor of 3 and 1167.
3
Calculate the highest common divisor of 51 and 136.
17
What is the greatest common factor of 35 and 40?
5
What is the highest common divisor of 795 and 15?
15
Calculate the highest common divisor of 16335 and 330.
165
Calculate the greatest common factor of 32 and 944.
16
What is the greatest common divisor of 221 and 962?
13
Calculate the greatest common divisor of 10 and 14410.
10
What is the greatest common factor of 1161 and 86?
43
What is the highest common divisor of 552 and 69?
69
Calculate the highest common divisor of 234 and 338.
26
What is the highest common factor of 76 and 6156?
76
What is the highest common factor of 33 and 10428?
33
Calculate the highest common factor of 132 and 44.
44
Calculate the highest common factor of 66 and 209.
11
What is the highest common factor of 2356 and 190?
38
What is the highest common divisor of 112 and 6?
2
What is the highest common factor of 95 and 5?
5
Calculate the greatest common factor of 70 and 350.
70
Calculate the highest common divisor of 10 and 280.
10
What is the greatest common divisor of 204 and 354?
6
What is the highest common factor of 44 and 418?
22
What is the highest common divisor of 400 and 920?
40
What is the highest common factor of 2178 and 18?
18
What is the greatest common factor of 243 and 3177?
9
What is the highest common factor of 15 and 2940?
15
What is the highest common divisor of 36 and 18?
18
What is the highest common factor of 920 and 40?
40
What is the highest common divisor of 375 and 45?
15
What is the highest common divisor of 2432 and 19?
19
Calculate the greatest common factor of 361 and 247.
19
What is the highest common factor of 40 and 16?
8
Calculate the highest common divisor of 452 and 24.
4
What is the highest common divisor of 447 and 12?
3
Calculate the greatest common divisor of 88 and 10.
2
What is the greatest common divisor of 410 and 164?
82
What is the greatest common divisor of 1782 and 99?
99
What is the highest common divisor of 1 and 2?
1
Calculate the highest common divisor of 521 and 1.
1
What is the greatest common factor of 44 and 66?
22
What is the greatest common factor of 296 and 222?
74
Calculate the greatest common factor of 71 and 2201.
71
Calculate the highest common divisor of 3325 and 75.
25
What is the highest common divisor of 1040 and 247?
13
What is the greatest common divisor of 8 and 482?
2
Calculate the greatest common factor of 836 and 1540.
44
What is the highest common divisor of 150 and 1570?
10
What is the greatest common factor of 154 and 1342?
22
Calculate the highest common factor of 693 and 126.
63
What is the highest common factor of 78 and 169?
13
What is the greatest common divisor of 52 and 5668?
52
Calculate the greatest common factor of 110 and 715.
55
Calculate the greatest common divisor of 77 and 979.
11
Calculate the highest common factor of 245 and 77.
7
Calculate the greatest common divisor of 1215 and 630.
45
What is the highest common divisor of 310 and 70?
10
What is the greatest common divisor of 2529 and 18?
9
Calculate the highest common factor of 66 and 1056.
66
What is the greatest common divisor of 210 and 150?
30
Calculate the greatest common divisor of 1056 and 576.
96
Calculate the highest common factor of 927 and 103.
103
Calculate the greatest common factor of 31610 and 436.
218
What is the greatest common divisor of 110 and 760?
10
Calculate the highest common factor of 50094 and 198.
198
Calculate the highest common factor of 145 and 5.
5
What is the greatest common divisor of 207 and 4416?
69
Calculate the greatest common divisor of 324 and 1188.
108
Calculate the greatest common divisor of 72 and 2144.
8
What is the highest common divisor of 1863 and 7659?
207
Calculate the greatest common divisor of 17 and 901.
17
What is the highest common divisor of 54 and 738?
18
What is the highest common factor of 1243 and 363?
11
Calculate the greatest common factor of 28 and 532.
28
Calculate the highest common divisor of 26 and 2314.
26
Calculate the highest common divisor of 368 and 16.
16
What is the greatest common factor of 108 and 296?
4
What is the greatest common factor of 153 and 68?
17
What is the highest common divisor of 54 and 2187?
27
Calculate the greatest common factor of 984 and 444.
12
Calculate the highest common divisor of 255 and 165.
15
Calculate the highest common factor of 5 and 6145.
5
Calculate the highest common factor of 1819 and 17.
17
Calculate the greatest common divisor of 12751 and 41.
41
Calculate the greatest common divisor of 4810 and 520.
130
Calculate the greatest common factor of 7020 and 30.
30
Calculate the highest common divisor of 170 and 782.
34
Calculate the greatest common divisor of 396 and 44.
44
What is the greatest common factor of 1904 and 7?
7
Calculate the highest common divisor of 7367 and 689.
53
What is the highest common divisor of 43 and 1548?
43
What is the highest common factor of 6 and 238?
2
Calculate the greatest common factor of 3239 and 316.
79
Calculate the highest common factor of 209 and 4636.
19
What is the greatest common factor of 49690 and 10?
10
What is the highest common divisor of 180 and 420?
60
What is the greatest common factor of 39 and 6?
3
Calculate the greatest common divisor of 90 and 792.
18
What is the highest common divisor of 4300 and 25?
25
What is the highest common factor of 24 and 564?
12
What is the greatest common divisor of 96 and 324?
12
What is the highest common divisor of 36 and 204?
12
Calculate the greatest common divisor of 432 and 32.
16
What is the greatest common factor of 45 and 765?
45
What is the greatest common divisor of 11993 and 67?
67
Calculate the greatest common divisor of 6 and 2586.
6
Calculate the highest common factor of 918 and 54.
54
What is the greatest common divisor of 1330 and 910?
70
Calculate the highest common divisor of 144 and 3231.
9
Calculate the greatest common divisor of 164 and 123.
41
What is the highest common divisor of 22793 and 69?
23
Calculate the highest common divisor of 240 and 31440.
240
Calculate the greatest common divisor of 459 and 216.
27
What is the greatest common factor of 345 and 15?
15
Calculate the greatest common factor of 20 and 30.
10
What is the highest common divisor of 462 and 165?
33
What is the highest common factor of 205 and 451?
41
Calculate the greatest common divisor of 416 and 6149.
13
Calculate the greatest common factor of 676 and 52.
52
What is the highest common factor of 29 and 464?
29
Calculate the greatest common factor of 212 and 1802.
106
Calculate the